en q is divided by 41.
27
Let j = -47 + 97. What is the remainder when -18 - ((-1901)/6 + 14/(-84)) is divided by j?
49
Suppose -8*g + 429 = 6*g - 3*g. What is the remainder when 3079 is divided by g?
37
Suppose m - 309*z + 313*z - 43 = 0, -2*z = 5*m - 161. What is the remainder when 573 is divided by m?
15
What is the remainder when (5 + -4)/(27/17361) is divided by 17?
14
Let v = -2288 + 3946. Calculate the remainder when v is divided by 13.
7
Suppose 4*h + h = 5*y + 105, 4*h = 0. Let m = 24 + y. Calculate the remainder when (-309)/(-9) - 9/27 is divided by m.
1
Let o(j) be the third derivative of 2/3*j**3 + 3/8*j**4 + 0 + 1/30*j**5 + 0*j + 2*j**2. What is the remainder when 86 is divided by o(-6)?
20
Let r(a) = a**3 - 9*a**2 + 7*a - 3. Let x be r(8). Let u = 16 + x. Suppose 3*c - 7 = y - 2*y, -u*c + 17 = -y. Calculate the remainder when 13 is divided by c.
1
Calculate the remainder when 890 is divided by -8*(-52)/8 - -6*(-3)/3.
16
Let d = 1099 + -1020. What is the remainder when 1095/7 + (-6)/14 is divided by d?
77
Suppose 20*q - 23*q = -4*a - 328, -4*q + 424 = -2*a. What is the remainder when 242 is divided by q?
34
Suppose -67 = 7*p - 256. Let u be p/(-6)*4/6. Let g = 20 - u. Calculate the remainder when 65 is divided by g.
19
Let w(u) = u + 16. Let s be w(-11). Suppose -4*x - 2*k = -s - 3, 0 = x - 5*k + 9. What is the remainder when 14 is divided by (0 + 1/2)/(x/10)?
4
Suppose 2*b - 51 = -r - 18, 2*b - 5*r = 39. Suppose 0 = 5*t + 4 - 14. Suppose -y + 90 = t*y. Calculate the remainder when y is divided by b.
13
Suppose 5 = n + 3*h - 20, -5*n + 2*h = -210. Suppose 0 = -n*x + 1071 - 111. What is the remainder when 153 is divided by x?
9
Suppose 5*j + w = -2 + 38, 12 = 4*j + 5*w. Let k(y) = -y**3 + 9*y**2 - 2*y - 4. Let h be k(j). Calculate the remainder when 1796/h - (-4)/22 is divided by 11.
8
Let o(n) = -n**3 - 14*n**2 - 24*n. Let r be o(-12). Suppose -h - 3*h - 24 = r. Let c = 27 + h. Calculate the remainder when 62 is divided by c.
20
Let x be -2 - (4/(-18) - (-304)/72). Calculate the remainder when 40 is divided by x/12 - (-35)/2.
6
Let j(o) be the third derivative of o**5/30 + 11*o**4/8 + 26*o**3/3 + 112*o**2. Calculate the remainder when 126 is divided by j(-17).
57
Suppose -30*m + 37 = -29*m. Suppose -36*g + m*g - 29 = 0. What is the remainder when g is divided by 4?
1
What is the remainder when 245 is divided by ((-82)/4)/((-297)/594)?
40
Suppose 78 = 95*l - 1087 - 450. What is the remainder when 4095 is divided by l?
15
Let a be 20*(27/12)/9. Calculate the remainder when 87 is divided by 4698/435 - (-1)/a*1.
10
Let z(f) = -2*f**3 + 14*f**2 + 16*f - 15. What is the remainder when 319 is divided by z(6)?
13
Let t = -6 - -7. Let z = 1022 + -1008. Calculate the remainder when z is divided by t - -1*(8 - 2).
0
Let y = -1835 + 2067. Calculate the remainder when y is divided by 44.
12
Let h(v) be the second derivative of 3*v**3 - 39*v**2/2 - 3*v. Let x = 16 + -10. Calculate the remainder when h(x) is divided by 19.
12
Let b(v) be the third derivative of v**5/15 - 11*v**4/24 + 2*v**3/3 - v**2 - 340. Suppose 3*u = 2*u + 4. What is the remainder when 71 is divided by b(u)?
23
Suppose -q + 1342 = -w, 5403 = 4*q - 36*w + 37*w. Calculate the remainder when q is divided by 12.
5
Suppose -7*c + 76 = -169. Calculate the remainder when 3252 is divided by c.
32
Let a = -38 + 2. Let g = -18 - a. Suppose -3*i + x = -2*i - g, 2*i - 3*x = 36. Calculate the remainder when 33 is divided by i.
15
Suppose -5*z - 18*h + 16*h = -4237, -16 = 4*h. Let l = z + -739. What is the remainder when l is divided by 5?
0
Suppose 222*b = 223*b - 5*m - 6299, 0 = -b + 10*m + 6339. What is the remainder when b is divided by 29?
24
Let p = 264046 + -264034. Let m = -45 + 71. Calculate the remainder when m is divided by p.
2
Suppose -49*w + 51*w - 778 = 0. Suppose -4*q = -383 - w. What is the remainder when q is divided by 49?
46
Let v = -94 - -189. Suppose -1308 - 261 = -218*q + 1483. What is the remainder when v is divided by q?
11
Let u be -538 + (0 - 2)/((-3)/6). Calculate the remainder when (-7)/14*(u + 0) is divided by 67.
66
Let v = 24691 + -20554. What is the remainder when v is divided by 5?
2
Suppose -m - 56 = -4*x, -5*x - m = -31 - 30. What is the remainder when 86 is divided by x?
8
Let t = -38048 - -38135. Calculate the remainder when t is divided by 182/8 + (-1)/(-4).
18
Suppose -2*z - 2*s - 320 = 0, -3*z + s - 329 = -z. Let b = z + 180. What is the remainder when 83 is divided by b?
15
What is the remainder when 789 is divided by 4 + -5 + (-20)/(-24) - (-949)/6?
157
Let m be (-1)/(-3*(-6)/(-7704)). Suppose -m = 13*d - 15*d. What is the remainder when d is divided by 31?
28
Suppose 0 = -29*i - 82185 + 82533. Suppose -1060 = -r - 427. What is the remainder when r is divided by i?
9
Suppose -6 + 18 = 2*c - 2*o, 0 = o - 3. Suppose -f - 6*f - 672 = 0. Calculate the remainder when 1*9/((-27)/f) is divided by c.
5
Suppose 261 = 16*p - 212 + 9. Let m be -1 + 3 + 1*-6. Let n(a) = -51*a - 2. What is the remainder when n(m) is divided by p?
28
What is the remainder when 352 is divided by (575/(-15))/(((-10)/15)/2)?
7
Let f(d) be the second derivative of d**4/12 - d**3/3 - 3*d**2/2 + 5*d. What is the remainder when (-6 + (-110)/33)/((-2)/3) is divided by f(4)?
4
Let r(u) = -u**2 - 11*u - 4. Let z be r(-10). Suppose -2*k - 3 = -z*k - 5*h, -2*k + 4*h + 8 = 0. What is the remainder when 22 is divided by 17/k + 19/(-38)?
6
Suppose -75 = 45*i - 795. Let z = 193 - 103. Suppose 3*n = 3*x - z, n + 0*n = -2*x + 57. Calculate the remainder when x is divided by i.
13
Suppose 5*j + 4*j = 558. Let q = -39 + j. Suppose 4*o + 5*z = 69, 2*z - q = -4*o + 31. Calculate the remainder when 16 is divided by o.
5
Let c = 752 + -142. Let q = -35 - -103. Calculate the remainder when c is divided by q.
66
Let h be (-4 - -1) + 0/6 + 414. Suppose 0*k - 6 = 3*k, -2*k = 5*a - h. Calculate the remainder when a is divided by 47.
36
Let t(b) = b**3 - 8*b**2 + 19*b. Let z be t(8). Let h = 579 - z. Suppose -5*o + h = -53. What is the remainder when o is divided by 11?
8
Suppose -5 = -6*o + 25. Suppose 5*v + o*t = 95, 4*v - 3*t = 2 + 39. Let m(l) = 3*l**2 - 17*l + 13. Calculate the remainder when m(6) is divided by v.
5
Suppose 4*q = 5*j + 313, -q + 85 - 6 = -j. Let p = 51 - 117. Let h = p + q. Calculate the remainder when h is divided by 4.
0
Let h(d) = 2*d**3 - 91*d**2 - 52*d + 370. What is the remainder when h(46) is divided by 53?
41
Let m = 573 - 570. Suppose m*t - 1523 = z, -4*t + 5*z = 6*z - 2026. Calculate the remainder when t is divided by 51.
48
Let d(q) = -20*q - 360. Let m be d(-18). Suppose m = 2*s - 764 + 500. Calculate the remainder when s is divided by 41.
9
Suppose 4875 = -3*p + 8*p. Suppose 969*q = p*q - 462. What is the remainder when 88 is divided by q?
11
Calculate the remainder when ((-249)/5)/((-24327)/2430 - -10) is divided by 195.
192
Suppose 204*m - 243*m - 233 = -1676. Calculate the remainder when (0 - -1)/(3/219) is divided by m.
36
Suppose 3*l + 4*r - 569 = 3*r, 191 = l + r. Calculate the remainder when l is divided by (-5)/((124/(-2480))/(3/(-12)*-2)).
39
Suppose u - 3 = 5*c - 4, c = -5*u + 73. Calculate the remainder when ((-8)/3)/(60/(-3690)) is divided by u.
10
Calculate the remainder when 436 is divided by (241 + -242)*(-1)/2*29*10.
1
What is the remainder when 457 is divided by -3*23/(759/(-220))?
17
Suppose -10*n + 790 = 510. Suppose -2*u = -5*u + 4*a + 312, 5*u = 4*a + 528. What is the remainder when u is divided by n?
24
Calculate the remainder when 84679/2*84/98 - 5 is divided by 168.
166
Suppose -6*t + 180 = -18. Suppose -26 = -5*f - 4*g + 1136, -2*f - 4*g = -472. What is the remainder when f is divided by t?
32
Let f(w) = 14*w - 9 - 5*w - 4*w - 6*w. What is the remainder when (1/(-2))/(4/(-248)) is divided by f(-20)?
9
Let v be (-32)/(-6) - (-11)/(-33). Suppose v*f + 2*p = 105 - 14, 5*f - 100 = -5*p. What is the remainder when 636/10 + (-36)/60 is divided by f?
12
Suppose 4*z + 4*k = 60, 5*k = 2*z + 3*z - 25. Suppose 314*u = 272*u + 1134. Calculate the remainder when u is divided by z.
7
What is the remainder when (-1 - -500)*2*(77/(-14) + 6) is divided by 42?
37
What is the remainder when 146 is divided by (-2)/(-18) + 13 + 2150/90?
35
Suppose 5*d + 90 = 5*q, 